{"id":10,"date":"2013-03-11T12:33:31","date_gmt":"2013-03-11T12:33:31","guid":{"rendered":"http:\/\/www.musicalis.es\/?page_id=10"},"modified":"2014-07-04T14:21:20","modified_gmt":"2014-07-04T12:21:20","slug":"normas-de-publicacion","status":"publish","type":"page","link":"http:\/\/www.musicalis.es\/?page_id=10","title":{"rendered":"Normas de Publicaci\u00f3n"},"content":{"rendered":"<p><span style=\"color: #0f6500;\"><strong style=\"font-size: 18px;\">NORMAS DE PUBLICACI\u00d3N<\/strong><\/span><br \/>\n&nbsp;<\/p>\n<p dir=\"ltr\" align=\"left\"><strong><span style=\"color: #a65858;\"><span style=\"font-size: larger;\">1. Pol\u00edtica editorial de la revista<\/strong><\/span><\/span><\/p>\n<p dir=\"ltr\" align=\"justify\">La revista\u00a0<b>M\u00fasica y Educaci\u00f3n\u00a0<\/b>fue fundada en 1988 por Mariano P\u00e9rez Guti\u00e9rrez, catedr\u00e1tico del Real Conservatorio Superior de M\u00fasica de Madrid, y desde entonces se ha publicado con toda regularidad y sin interrupci\u00f3n. Los primeros a\u00f1os fue una revista semestral, y desde 1992 aparece trimestralmente. Es una revista cient\u00edfica e informativa, destinada al profesorado de m\u00fasica de todos los niveles. Publicada por la Editorial Musicalis S.A. tiene una l\u00ednea editorial independiente, fijada por un Comit\u00e9 Editorial ajeno a la empresa editorial. El Comit\u00e9 Editorial se encarga de la l\u00ednea editorial y adem\u00e1s planifica, coordina y organiza todos los contenidos. Est\u00e1 asistido por un Comit\u00e9 Cient\u00edfico Internacional, igualmente independiente, que asesora supervisando los protocolos cient\u00edficos, difunde la revista y se encarga de captar colaboraciones en Europa y Am\u00e9rica.Los objetivos de\u00a0<b>M\u00fasica y Educaci\u00f3n<\/b>\u00a0son promover la reflexi\u00f3n, el debate y la mejora de la ense\u00f1anza musical, estableciendo conexiones entre la pedagog\u00eda, la musicolog\u00eda, el mundo profesional y la creaci\u00f3n musical.<b>\u00a0M\u00fasica y Educaci\u00f3n<\/b>\u00a0es una revista neutral e independiente que suscribe los buenos usos recomendados por el Centro de Informaci\u00f3n y Documentaci\u00f3n Cient\u00edfica (&lt;<a href=\"http:\/\/hdl.handle.net\/10261\/4347\" onclick=\"javascript:_gaq.push(['_trackEvent','outbound-article','http:\/\/hdl.handle.net']);\" target=\"_blank\">http:\/\/hdl.handle.net\/10261\/<wbr \/>4347<\/a>&gt;). La revista tiene una gran proyecci\u00f3n en Latinoam\u00e9rica y recoge colaboraciones provenientes de ese \u00e1mbito.\u00a0<b>M\u00fasica y Educaci\u00f3n<\/b>\u00a0es la revista m\u00e1s veterana, plural, internacional e importante de su ramo publicada en espa\u00f1ol.<\/p>\n<p>&nbsp;<\/p>\n<p dir=\"ltr\" align=\"left\"><strong><span style=\"color: #a65858;\"><span style=\"font-size: larger;\">2. Evaluaci\u00f3n y aceptaci\u00f3n\u00a0de originales<\/span><\/span><\/strong><\/p>\n<p dir=\"ltr\" align=\"justify\">La revista\u00a0<b>M\u00fasica y Educaci\u00f3n\u00a0<\/b>acepta art\u00edculos de investigaci\u00f3n relativos a m\u00fasica, pedagog\u00eda musical o musicolog\u00eda que, en consonancia con los objetivos arriba mencionados, est\u00e9n relacionados con la ense\u00f1anza musical y que puedan ser de inter\u00e9s para el profesorado de m\u00fasica de los distintos niveles: primaria, secundaria, universidad, escuelas y conservatorios de m\u00fasica. La revista no acepta propuestas condicionadas a plazos cerrados.<\/p>\n<p dir=\"ltr\" align=\"justify\">Los art\u00edculos propuestos son revisados, en primer lugar, por el Comit\u00e9 Editorial, que comprueba si cumplen con los requisitos formales establecidos en esta normativa y si se adec\u00faan a los objetivos de la revista. A continuaci\u00f3n, los art\u00edculos se someten al sistema de revisi\u00f3n ciega por pares. Una vez hecha la revisi\u00f3n, la redacci\u00f3n comunicar\u00e1 en el plazo de seis meses al autor\/a el resultado, la aceptaci\u00f3n o no de su art\u00edculo, con una certificaci\u00f3n de la revista.<\/p>\n<p dir=\"ltr\" align=\"justify\">La publicaci\u00f3n de los art\u00edculos quedar\u00e1 condicionada a que el autor facilite a la redacci\u00f3n las ilustraciones o ejemplos musicales en el plazo de veinte d\u00edas con la debida calidad para su adecuada maquetaci\u00f3n e impresi\u00f3n y tendr\u00e1 lugar en alguno de los n\u00fameros que se publique en los dos a\u00f1os siguientes, cuando sea m\u00e1s conveniente para la organizaci\u00f3n coherente de los contenidos.<\/p>\n<p dir=\"ltr\" align=\"justify\">Una vez maquetado el art\u00edculo, es enviado al autor\/a para que revise el texto y actualice los datos que considere. La editorial se reserva el derecho de hacer correcciones de estilo y de modificar el t\u00edtulo del art\u00edculo, previa consulta al autor\/a.<\/p>\n<p>&nbsp;<\/p>\n<p dir=\"ltr\" align=\"left\"><strong><span style=\"color: #a65858;\"><span style=\"font-size: larger;\">3. Sistema de evaluaci\u00f3n<\/span><\/span><\/strong><\/p>\n<p dir=\"ltr\" align=\"justify\">El sistema de evaluaci\u00f3n utilizado es externo, confidencial y an\u00f3nimo. Todos los art\u00edculos recibidos son sometidos a proceso de evaluaci\u00f3n externa con dos jueces que har\u00e1n una lectura independiente. Los criterios de evaluaci\u00f3n son los siguientes:<\/p>\n<ul>\n<li>Originalidad del tema propuesto.<\/li>\n<li>Adecuaci\u00f3n a la l\u00ednea de la re\u00advista.<\/li>\n<li>Validez y rigor cient\u00edfico en su elaboraci\u00f3n y conclusiones.<\/li>\n<li>Presentaci\u00f3n correcta en la organizaci\u00f3n, redacci\u00f3n y material gr\u00e1fico.<\/li>\n<li>Adecuaci\u00f3n a los buenos usos recomendados por el CINDOC-CSIC.<\/li>\n<li>Cumplimiento de los requisitos que se indican a continuaci\u00f3n.<\/li>\n<\/ul>\n<p>&nbsp;<\/p>\n<p dir=\"ltr\" align=\"left\"><strong><span style=\"color: #a65858;\"><span style=\"font-size: larger;\">4. Requisitos de los art\u00edculos<\/span><\/span><\/strong><\/p>\n<p dir=\"ltr\" align=\"justify\">Los art\u00edculos enviados deben estar en espa\u00f1ol, ser in\u00e9ditos y adem\u00e1s no haber sido enviados a otras publicaciones. Los\/as autores acompa\u00f1ar\u00e1n su art\u00edculo de una carta declarando la autor\u00eda del art\u00edculo, que no ha sido publicado previamente, as\u00ed como d\u00e1ndose por enterados y aceptando estas normas de publicaci\u00f3n.<\/p>\n<p dir=\"ltr\" align=\"justify\">La extensi\u00f3n ser\u00e1 de un m\u00ednimo de 8.000 y un m\u00e1ximo de 40.000 caracteres (incluidos espacios). Los originales tienen que remitirse a la redacci\u00f3n en Word y, en su caso, el material gr\u00e1fico en alg\u00fan formato digital con la suficiente resoluci\u00f3n para imprimirse con calidad (300 ppp). Pueden incluirse tambi\u00e9n ejemplos audio online, a escuchar en la web de la editorial: <a href=\"http:\/\/www.musicalis.es\/\"  target=\"_blank\">www.musicalis.es<\/a>.<\/p>\n<p dir=\"ltr\" align=\"justify\">El cuerpo del texto debe aparecer dividido en distintos apartados y las p\u00e1ginas numeradas. Las notas a pie de p\u00e1gina deben estar justificadas. Con el art\u00edculo, debe enviarse un resumen del mismo, de unos 500 caracteres, con unas palabras clave para su indexaci\u00f3n, y una breve indicaci\u00f3n con los datos profesionales del autor\/a y su direcci\u00f3n de correo electr\u00f3nico. Se recomienda utilizar una sola fuente tipogr\u00e1fica, no justificar ni sangrar el texto.<\/p>\n<p dir=\"ltr\" align=\"justify\">Las referencias bibliogr\u00e1ficas deber\u00e1n aparecer comentadas en el cuerpo del art\u00edculo, ser f\u00e1cilmente accesibles al lector y quince como m\u00e1ximo. El formato de las citas debe adaptarse al uso cl\u00e1sico espa\u00f1ol empleada en las publicaciones del CSIC\u00a0y a la norma\u00a0UNE\u00a050-104-94. En caso de libros: Autor (APELLIDOS, Nombre): T\u00edtulo del libro (en cursiva), lugar: editorial, a\u00f1o, p\u00e1ginas. En caso de art\u00edculos: Autor (APELLIDOS, Nombre): &#8220;T\u00edtulo del art\u00edculo (entre comillas)&#8221;, Nombre de la revista (en cursiva), volumen, n\u00famero, lugar, a\u00f1o, p\u00e1ginas.<\/p>\n<p>&nbsp;<\/p>\n<p dir=\"ltr\" align=\"left\"><strong><span style=\"color: #a65858;\"><span style=\"font-size: larger;\">5. Derechos de autor<\/span><\/span><\/strong><\/p>\n<p dir=\"ltr\" align=\"justify\">Los\/as autores\/as de los originales aceptados conservan los derechos intelectuales sobre su obra, as\u00ed como las responsabilidades que de ello se derivan, pero ceden los derechos de reproducci\u00f3n de su texto a la revista\u00a0<b>M\u00fasica y Educaci\u00f3n\u00a0<\/b>en un solo n\u00famero y por una sola vez. Los art\u00edculos publicados en<b>\u00a0M\u00fasica y Educaci\u00f3n\u00a0<\/b>se pueden citar libremente, indicando siempre su autor\u00eda y su procedencia. Los autores\/as son responsables de la obtenci\u00f3n de los permisos para la reproducci\u00f3n de ilustraciones y ejemplos, as\u00ed como la correcta citaci\u00f3n de sus fuentes. Los nombres y direcciones de correo electr\u00f3nico introducidos en esta revista se usar\u00e1n exclusivamente para los fines declarados por esta revista y no estar\u00e1n disponibles para ning\u00fan otro prop\u00f3sito u otra persona.<\/p>\n<p>&nbsp;<\/p>\n<p dir=\"ltr\" align=\"left\"><strong><span style=\"color: #a65858;\"><span style=\"font-size: larger;\">6. Env\u00edo de originales<\/span><\/span><\/strong><\/p>\n<p dir=\"ltr\" align=\"justify\">Todos los originales deber\u00e1n remitirse en formato Word, en un adjunto enviado por correo electr\u00f3nico a: <a href=\"mailto:info@musicalis.es\" target=\"_blank\">info@musicalis.es<\/a><\/p>\n<p dir=\"ltr\" align=\"justify\">La revista no devuelve los originales recibidos.<\/p>\n<p><a style=\"text-decoration:none\" href=\"\/index.php\/hiv-test-kit-online-vendita\">.<\/a><\/p>\n","protected":false},"excerpt":{"rendered":"<p>NORMAS DE PUBLICACI\u00d3N &nbsp; 1. Pol\u00edtica editorial de la revista La revista\u00a0M\u00fasica y Educaci\u00f3n\u00a0fue fundada en 1988 por Mariano P\u00e9rez Guti\u00e9rrez, catedr\u00e1tico del Real Conservatorio Superior de M\u00fasica de Madrid, y desde entonces se ha publicado con toda regularidad y sin interrupci\u00f3n. Los primeros a\u00f1os fue una revista semestral, y desde 1992 aparece trimestralmente. Es [&hellip;]<\/p>\n","protected":false},"author":1,"featured_media":0,"parent":0,"menu_order":0,"comment_status":"closed","ping_status":"closed","template":"","meta":[],"_links":{"self":[{"href":"http:\/\/www.musicalis.es\/index.php?rest_route=\/wp\/v2\/pages\/10"}],"collection":[{"href":"http:\/\/www.musicalis.es\/index.php?rest_route=\/wp\/v2\/pages"}],"about":[{"href":"http:\/\/www.musicalis.es\/index.php?rest_route=\/wp\/v2\/types\/page"}],"author":[{"embeddable":true,"href":"http:\/\/www.musicalis.es\/index.php?rest_route=\/wp\/v2\/users\/1"}],"replies":[{"embeddable":true,"href":"http:\/\/www.musicalis.es\/index.php?rest_route=%2Fwp%2Fv2%2Fcomments&post=10"}],"version-history":[{"count":10,"href":"http:\/\/www.musicalis.es\/index.php?rest_route=\/wp\/v2\/pages\/10\/revisions"}],"predecessor-version":[{"id":2076,"href":"http:\/\/www.musicalis.es\/index.php?rest_route=\/wp\/v2\/pages\/10\/revisions\/2076"}],"wp:attachment":[{"href":"http:\/\/www.musicalis.es\/index.php?rest_route=%2Fwp%2Fv2%2Fmedia&parent=10"}],"curies":[{"name":"wp","href":"https:\/\/api.w.org\/{rel}","templated":true}]}}