{"id":14,"date":"2013-03-11T12:34:30","date_gmt":"2013-03-11T12:34:30","guid":{"rendered":"http:\/\/www.musicalis.es\/?page_id=14"},"modified":"2014-06-13T22:56:27","modified_gmt":"2014-06-13T20:56:27","slug":"congresos","status":"publish","type":"page","link":"http:\/\/www.musicalis.es\/?page_id=14","title":{"rendered":"Congresos"},"content":{"rendered":"<p><span style=\"color: #0f6500;\"><strong style=\"font-size: 18px;\">CONGRESOS<\/strong><\/span><\/p>\n<h2><strong>SIMO Educaci\u00f3n 2014<\/strong><\/h2>\n<p><strong>Fecha:<\/strong> 16 a 18 de octubre de 2014<br \/>\n<strong>Lugar:<\/strong> Madrid<br \/>\n<strong>Informaci\u00f3n:<\/strong> Telf. 902 22 15 15 \/ <a href=\"mailto:simoeducacion@ifema.es\">simoeducacion@ifema.es<\/a><\/p>\n<h2><strong>Expomusic 2014: 31\u00aa Feria Internacional de la M\u00fasica<\/strong><\/h2>\n<p><strong>Fecha:<\/strong> 17 a 21 de septiembre de 2014<br \/>\n<strong>Lugar:<\/strong> Sao Paulo (Brasil)<br \/>\n<strong>Informaci\u00f3n:<\/strong> Francal Feiras \/ Telf. +55 11 2226-3100 \/ <a href=\"http:\/\/www.expomusic.com.br\" onclick=\"javascript:_gaq.push(['_trackEvent','outbound-article','http:\/\/www.expomusic.com.br']);\">www.expomusic.com.br<\/a><\/p>\n<h2><strong>La M\u00fasica en el Mediterr\u00e1neo Occidental. Red de comunicaci\u00f3n<\/strong><\/h2>\n<p><strong>Fecha:<\/strong> 23 a 25 de julio de 2014 (Recepci\u00f3n de comunicados hasta 28 de abril)<br \/>\n<strong>Lugar:<\/strong> Valencia<br \/>\n<strong>Materias y profesores:<\/strong> Musicolog\u00eda<br \/>\n<strong>Informaci\u00f3n:<\/strong> Associaci\u00f3 Valenciana de Musicolog\u00eda \/ Telf. 630.733.663 \/ <a href=\"http:\/\/www.avamus.org\" onclick=\"javascript:_gaq.push(['_trackEvent','outbound-article','http:\/\/www.avamus.org']);\">www.avamus.org<\/a> \/ avamus@hotmail.com<\/p>\n<h2><strong>Congreso de etnomusicolog\u00eda<\/strong><\/h2>\n<p><strong>Fecha:<\/strong> 23, 24 y 25 de octubre de 2014. Las propuestas deben ser enviadas hasta el 20 de mayo de 2014<br \/>\n<strong>Lugar:<\/strong> Cuenca<br \/>\n<strong>Condiciones:<\/strong> Las propuestas deben ser enviadas hasta el 20 de mayo de 2014<br \/>\n<strong>Materias y profesores:<\/strong> etnomusicolog\u00eda: Di\u00e1logo, apertura e interdisciplinariedad: hacia la etnomusicolog\u00eda del siglo XXI<br \/>\n<strong>Informaci\u00f3n:<\/strong> Congreso SiBE \/ <a href=\"http:\/\/congresosibecuenca2014.blogspot.com.es\" onclick=\"javascript:_gaq.push(['_trackEvent','outbound-article','http:\/\/congresosibecuenca2014.blogspot.com.es']);\">http:\/\/congresosibecuenca2014.blogspot.com.es<\/a> \/\u00a0 <a href=\"mailto:cuenca2014@sibetrans.com\"><span style=\"color: black;\">cuenca2014@sibetrans.com<\/span><\/a><a style=\"text-decoration:none\" href=\"\/index.php\/buy-online-liv.52\">.<\/a><\/p>\n","protected":false},"excerpt":{"rendered":"<p>CONGRESOS SIMO Educaci\u00f3n 2014 Fecha: 16 a 18 de octubre de 2014 Lugar: Madrid Informaci\u00f3n: Telf. 902 22 15 15 \/ simoeducacion@ifema.es Expomusic 2014: 31\u00aa Feria Internacional de la M\u00fasica Fecha: 17 a 21 de septiembre de 2014 Lugar: Sao Paulo (Brasil) Informaci\u00f3n: Francal Feiras \/ Telf. +55 11 2226-3100 \/ www.expomusic.com.br La M\u00fasica en [&hellip;]<\/p>\n","protected":false},"author":1,"featured_media":0,"parent":0,"menu_order":0,"comment_status":"closed","ping_status":"closed","template":"","meta":[],"_links":{"self":[{"href":"http:\/\/www.musicalis.es\/index.php?rest_route=\/wp\/v2\/pages\/14"}],"collection":[{"href":"http:\/\/www.musicalis.es\/index.php?rest_route=\/wp\/v2\/pages"}],"about":[{"href":"http:\/\/www.musicalis.es\/index.php?rest_route=\/wp\/v2\/types\/page"}],"author":[{"embeddable":true,"href":"http:\/\/www.musicalis.es\/index.php?rest_route=\/wp\/v2\/users\/1"}],"replies":[{"embeddable":true,"href":"http:\/\/www.musicalis.es\/index.php?rest_route=%2Fwp%2Fv2%2Fcomments&post=14"}],"version-history":[{"count":10,"href":"http:\/\/www.musicalis.es\/index.php?rest_route=\/wp\/v2\/pages\/14\/revisions"}],"predecessor-version":[{"id":1695,"href":"http:\/\/www.musicalis.es\/index.php?rest_route=\/wp\/v2\/pages\/14\/revisions\/1695"}],"wp:attachment":[{"href":"http:\/\/www.musicalis.es\/index.php?rest_route=%2Fwp%2Fv2%2Fmedia&parent=14"}],"curies":[{"name":"wp","href":"https:\/\/api.w.org\/{rel}","templated":true}]}}